{"id":43,"date":"2025-02-05T19:01:45","date_gmt":"2025-02-05T19:01:45","guid":{"rendered":"https:\/\/www.amssa.mr\/?page_id=43"},"modified":"2025-02-23T15:18:37","modified_gmt":"2025-02-23T15:18:37","slug":"mot-du-directeur","status":"publish","type":"page","link":"https:\/\/www.amssa.mr\/?page_id=43","title":{"rendered":"Mot du Directeur"},"content":{"rendered":"\n<div class=\"wp-block-group alignwide\"><div class=\"wp-block-group__inner-container is-layout-constrained wp-block-group-is-layout-constrained\">\n<div class=\"wp-block-media-text alignfull is-stacked-on-mobile is-vertically-aligned-top is-image-fill-element has-background\" style=\"background:linear-gradient(135deg,rgb(235,235,235) 0%,rgb(249,243,243) 44%,rgb(155,81,224) 100%);grid-template-columns:36% auto\"><figure class=\"wp-block-media-text__media\"><img fetchpriority=\"high\" decoding=\"async\" width=\"768\" height=\"1024\" src=\"https:\/\/www.amssa.mr\/wp-content\/uploads\/2025\/02\/WhatsApp-Image-2025-02-20-at-16.03.17-768x1024.jpeg\" alt=\"\" class=\"wp-image-484 size-full\" style=\"object-position:0% 39%\" srcset=\"https:\/\/www.amssa.mr\/wp-content\/uploads\/2025\/02\/WhatsApp-Image-2025-02-20-at-16.03.17-768x1024.jpeg 768w, https:\/\/www.amssa.mr\/wp-content\/uploads\/2025\/02\/WhatsApp-Image-2025-02-20-at-16.03.17-225x300.jpeg 225w, https:\/\/www.amssa.mr\/wp-content\/uploads\/2025\/02\/WhatsApp-Image-2025-02-20-at-16.03.17.jpeg 810w\" sizes=\"(max-width: 768px) 100vw, 768px\" \/><\/figure><div class=\"wp-block-media-text__content\">\n<p class=\"has-text-align-left has-medium-font-size\">Depuis sa cr\u00e9ation, l&rsquo;AMSSA \u0153uvre sans rel\u00e2che pour garantir la s\u00e9curit\u00e9 sanitaire et la salubrit\u00e9 des aliments en Mauritanie. Notre engagement est de garantir un environnement alimentaire sains pour tous les Mauritaniens, tout en veillant sur la promotion des bonnes pratiques tout au long de la chaine alimentaire \u00e0 travers d\u2019une vigilance constante, des activit\u00e9s du contr\u00f4le rigoureux, des r\u00e9sultats d\u2019analyses alimentaires fiables et d\u2019une coop\u00e9ration renforc\u00e9e avec toutes les parties prenantes. Nous restons r\u00e9solument orient\u00e9s vers l&rsquo;am\u00e9lioration continue du secteur, afin de prot\u00e9ger la sant\u00e9 de tous les citoyens et contribuer au d\u00e9veloppement durable de notre pays.\u00a0\u00bb<\/p>\n<\/div><\/div>\n<\/div><\/div>\n\n\n\n<p class=\"has-small-font-size\"><\/p>\n\n\n\n<p><\/p>\n","protected":false},"excerpt":{"rendered":"<p>Depuis sa cr\u00e9ation, l&rsquo;AMSSA \u0153uvre sans rel\u00e2che pour garantir la s\u00e9curit\u00e9 sanitaire et la salubrit\u00e9 des aliments en Mauritanie. Notre engagement est de garantir un environnement alimentaire sains pour tous&hellip; <\/p>\n","protected":false},"author":1,"featured_media":0,"parent":0,"menu_order":0,"comment_status":"closed","ping_status":"closed","template":"","meta":{"footnotes":""},"class_list":["post-43","page","type-page","status-publish","hentry"],"_links":{"self":[{"href":"https:\/\/www.amssa.mr\/index.php?rest_route=\/wp\/v2\/pages\/43","targetHints":{"allow":["GET"]}}],"collection":[{"href":"https:\/\/www.amssa.mr\/index.php?rest_route=\/wp\/v2\/pages"}],"about":[{"href":"https:\/\/www.amssa.mr\/index.php?rest_route=\/wp\/v2\/types\/page"}],"author":[{"embeddable":true,"href":"https:\/\/www.amssa.mr\/index.php?rest_route=\/wp\/v2\/users\/1"}],"replies":[{"embeddable":true,"href":"https:\/\/www.amssa.mr\/index.php?rest_route=%2Fwp%2Fv2%2Fcomments&post=43"}],"version-history":[{"count":8,"href":"https:\/\/www.amssa.mr\/index.php?rest_route=\/wp\/v2\/pages\/43\/revisions"}],"predecessor-version":[{"id":547,"href":"https:\/\/www.amssa.mr\/index.php?rest_route=\/wp\/v2\/pages\/43\/revisions\/547"}],"wp:attachment":[{"href":"https:\/\/www.amssa.mr\/index.php?rest_route=%2Fwp%2Fv2%2Fmedia&parent=43"}],"curies":[{"name":"wp","href":"https:\/\/api.w.org\/{rel}","templated":true}]}}